remainder when 2278 is divided by 23.
1
What is the remainder when 5083 is divided by 453?
100
What is the remainder when 147628 is divided by 73810?
8
What is the remainder when 10344 is divided by 938?
26
What is the remainder when 4766 is divided by 2376?
14
Calculate the remainder when 3045 is divided by 967.
144
What is the remainder when 824772 is divided by 175?
172
What is the remainder when 1380 is divided by 347?
339
Calculate the remainder when 51681 is divided by 12916.
17
What is the remainder when 13831 is divided by 161?
146
Calculate the remainder when 56512 is divided by 111.
13
Calculate the remainder when 4044 is divided by 656.
108
Calculate the remainder when 202 is divided by 78.
46
What is the remainder when 536 is divided by 303?
233
Calculate the remainder when 34306 is divided by 11406.
88
Calculate the remainder when 333213 is divided by 2975.
13
What is the remainder when 1986011 is divided by 7?
6
What is the remainder when 3524 is divided by 82?
80
What is the remainder when 38849 is divided by 282?
215
What is the remainder when 4796 is divided by 399?
8
Calculate the remainder when 17865 is divided by 167.
163
Calculate the remainder when 777952 is divided by 345.
322
What is the remainder when 288 is divided by 250?
38
What is the remainder when 3311 is divided by 275?
11
What is the remainder when 4139 is divided by 1624?
891
What is the remainder when 23593 is divided by 29?
16
What is the remainder when 58549 is divided by 14636?
5
Calculate the remainder when 20315 is divided by 32.
27
Calculate the remainder when 7065 is divided by 2206.
447
What is the remainder when 5077 is divided by 844?
13
What is the remainder when 1948 is divided by 53?
40
What is the remainder when 59491 is divided by 19824?
19
What is the remainder when 26803 is divided by 26802?
1
What is the remainder when 193046 is divided by 96520?
6
What is the remainder when 115660 is divided by 222?
220
Calculate the remainder when 87182 is divided by 17436.
2
Calculate the remainder when 4289 is divided by 2030.
229
Calculate the remainder when 2186 is divided by 270.
26
Calculate the remainder when 52050 is divided by 127.
107
What is the remainder when 16350 is divided by 10?
0
Calculate the remainder when 993055 is divided by 11.
8
What is the remainder when 4727 is divided by 168?
23
What is the remainder when 3703 is divided by 27?
4
What is the remainder when 19659 is divided by 919?
360
What is the remainder when 9643 is divided by 22?
7
Calculate the remainder when 2652 is divided by 521.
47
Calculate the remainder when 10961 is divided by 121.
71
Calculate the remainder when 31868 is divided by 10611.
35
Calculate the remainder when 857436 is divided by 27.
24
What is the remainder when 12755 is divided by 354?
11
What is the remainder when 9973 is divided by 369?
10
Calculate the remainder when 8575 is divided by 33.
28
Calculate the remainder when 6633 is divided by 846.
711
Calculate the remainder when 347257 is divided by 97.
94
What is the remainder when 57932 is divided by 369?
368
What is the remainder when 115151 is divided by 106?
35
What is the remainder when 78040 is divided by 32?
24
Calculate the remainder when 4463 is divided by 140.
123
Calculate the remainder when 814211 is divided by 12.
11
Calculate the remainder when 2278 is divided by 50.
28
What is the remainder when 1133765 is divided by 12?
5
What is the remainder when 70143 is divided by 548?
547
Calculate the remainder when 20967 is divided by 489.
429
What is the remainder when 5394 is divided by 1346?
10
Calculate the remainder when 48198 is divided by 1505.
38
What is the remainder when 1193671 is divided by 34?
33
What is the remainder when 1315 is divided by 557?
201
Calculate the remainder when 31438 is divided by 7845.
58
What is the remainder when 43087 is divided by 1231?
2
What is the remainder when 1446 is divided by 341?
82
Calculate the remainder when 1395 is divided by 55.
20
Calculate the remainder when 48372 is divided by 117.
51
Calculate the remainder when 1025620 is divided by 13.
11
Calculate the remainder when 203227 is divided by 46.
45
What is the remainder when 39921 is divided by 24?
9
What is the remainder when 522177 is divided by 181?
173
What is the remainder when 28988 is divided by 45?
8
Calculate the remainder when 27766 is divided by 124.
114
Calculate the remainder when 2646 is divided by 22.
6
Calculate the remainder when 32275 is divided by 16134.
7
Calculate the remainder when 8715 is divided by 368.
251
What is the remainder when 16718 is divided by 68?
58
What is the remainder when 156786 is divided by 999?
942
What is the remainder when 10366 is divided by 65?
31
Calculate the remainder when 14996 is divided by 128.
20
What is the remainder when 2066 is divided by 3?
2
Calculate the remainder when 3409958 is divided by 163.
161
What is the remainder when 11590 is divided by 3770?
280
What is the remainder when 351700 is divided by 117228?
16
Calculate the remainder when 1495 is divided by 185.
15
Calculate the remainder when 948 is divided by 189.
3
Calculate the remainder when 13037 is divided by 737.
508
Calculate the remainder when 191252 is divided by 14.
12
Calculate the remainder when 715078 is divided by 57.
13
What is the remainder when 39508 is divided by 39506?
2
What is the remainder when 4024 is divided by 32?
24
Calculate the remainder when 69128 is divided by 62.
60
Calculate the remainder when 43298 is divided by 1733.
1706
Calculate the remainder when 22 is divided by 3.
1
What is the remainder when 49596 is divided by 193?
188
Calculate the remainder when 34983 is divided by 220.
3
What is the remainder when 12838 is divided by 306?
292
Calculate the remainder when 905266 is divided by 84.
82
What is the remainder when 8199 is divided by 354?
57
Calculate the remainder when 341787 is divided by 286.
17
What is the remainder when 4092 is divided by 177?
21
Calculate the remainder when 2027 is divided by 145.
142
What is the remainder when 2172569 is divided by 1563?
1562
Calculate the remainder when 400957 is divided by 56.
53
Calculate the remainder when 33265 is divided by 103.
99
Calculate the remainder when 32689 is divided by 3.
1
Calculate the remainder when 3463 is divided by 513.
385
Calculate the remainder when 8270 is divided by 2063.
18
Calculate the remainder when 1148 is divided by 137.
52
What is the remainder when 52529 is divided by 847?
15
Calculate the remainder when 8797 is divided by 21.
19
Calculate the remainder when 214797 is divided by 214773.
24
Calculate the remainder when 36489 is divided by 7296.
9
What is the remainder when 19029 is divided by 13?
10
Calculate the remainder when 21784 is divided by 2723.
0
What is the remainder when 11526 is divided by 49?
11
Calculate the remainder when 36843 is divided by 41.
25
Calculate the remainder when 62982 is divided by 900.
882
Calculate the remainder when 15288 is divided by 57.
12
Calculate the remainder when 23306 is divided by 112.
10
What is the remainder when 28078 is divided by 156?
154
Calculate the remainder when 35127 is divided by 1475.
1202
What is the remainder when 16029 is divided by 193?
10
Calculate the remainder when 14247 is divided by 6929.
389
What is the remainder when 1190 is divided by 26?
20
Calculate the remainder when 4159 is divided by 4045.
114
What is the remainder when 31477 is divided by 281?
5
Calculate the remainder when 184616 is divided by 1420.
16
What is the remainder when 128265 is divided by 128237?
28
What is the remainder when 4151 is divided by 68?
3
What is the remainder when 9314 is divided by 2328?
2
Calculate the remainder when 123382 is divided by 1003.
13
Calculate the remainder when 49218 is divided by 18.
6
Calculate the remainder when 403633 is divided by 447.
439
What is the remainder when 30792 is divided by 10260?
12
What is the remainder when 34394 is divided by 982?
24
What is the remainder when 28096 is divided by 25?
21
What is the remainder when 34621 is divided by 8630?
101
What is the remainder when 166451 is divided by 12?
11
What is the remainder when 550907 is divided by 108?
107
Calculate the remainder when 257134 is divided by 257116.
18
Calculate the remaind